l + l - 10 = 0. What is the tens digit of l?
1
Let f(g) = -9*g. Suppose 3*i + 1 = -u + 5, -8 = 2*u - 2*i. What is the units digit of f(u)?
8
Let d be (1 - 1) + 2 - -17. Suppose -d = -3*r - 2*w - 2, 0 = 5*r + 2*w - 23. Suppose 4*p + r + 17 = 0, 3*c = 5*p + 46. What is the units digit of c?
7
Let m(y) = 11*y + 6. Let t be m(-6). Let f = -11 - t. What is the tens digit of f?
4
Let v(h) = -h**2 + 0 + h - 1 + 0. Let n be v(0). Let x = 5 - n. What is the units digit of x?
6
Let c be 2/(1*(-1)/(-2)). Suppose c*i - i = 0. What is the units digit of (i - -2) + (6 - 1)?
7
Let j(g) = -g**2 - 10*g - 6. Let u be j(-9). Suppose 0 = 3*d - 6, 0 = -c + u*c - d + 16. Let z(m) = -m + 1. What is the units digit of z(c)?
8
Let z = -27 - -88. What is the units digit of z?
1
Suppose -5*o = 5*p - 45 - 30, 5*o + 4*p = 74. What is the units digit of o?
4
Suppose -5*f - 16 = 2*u, -2*u + 2*f - 4*f = 4. Let i(z) = -7*z - 2 + z - 1 - z**u. What is the units digit of i(-4)?
5
Let v(h) = -13*h - 17. What is the tens digit of v(-10)?
1
Let m(f) = f + 1. Let r be m(4). Suppose -r*a + 6 = -d + 2*d, 3*d - 18 = -a. Suppose -d*k = -2*k - 12. What is the units digit of k?
3
Suppose 5*u = 13 + 7. What is the units digit of 39/u + 4/16?
0
Let y(c) = c**3 + 8*c**2 - c - 4. Let h be y(-8). Suppose b = -2*v + 13, -h*v - 5*b - 4 = -39. What is the units digit of v?
5
Suppose 4 - 29 = -5*c. Suppose -c*m + 8 = -4*m. What is the units digit of m?
8
Let q be 2 + (-1)/1 + 4. Let p = 16 - q. What is the units digit of p?
1
Let u be (-3)/3 + 1 - -1. What is the units digit of 7 - (1 + -2 + u)?
7
Let f = -181 + 258. What is the units digit of f?
7
What is the units digit of 160/(-24)*6*4*-1?
0
Suppose 2*m = -3*m - 2*u + 205, 25 = -5*u. What is the units digit of m?
3
Suppose -24 + 2 = -2*w. Suppose 2*n - 3*n = -w. What is the tens digit of n?
1
What is the tens digit of 22/4*1*6?
3
Let i(y) = -y**3 + 16*y**2 - 10*y - 1. What is the units digit of i(15)?
4
Let h = -117 + 197. What is the units digit of h?
0
Let l(a) = -a + 2. Let f be l(0). Suppose 0 = -5*k + f*k + 6. Suppose 18 - k = 2*q. What is the units digit of q?
8
Let m(z) = -z. Let a(b) = 10*b + 7. Let c(t) = -a(t) - 5*m(t). Let y be c(-5). Suppose 5 = -5*n + 3*p, 2*n + 2*n = -2*p + y. What is the units digit of n?
2
Let y(x) = -5*x**2 + 2. Let d be y(2). What is the tens digit of 6*d/(3 - 5)?
5
Suppose -4*p = -0*p - 100. Suppose -3*f + p - 4 = 0. What is the units digit of f?
7
Let a(u) be the first derivative of u**3/3 - 4*u**2 + 11*u + 1. Let f(i) = 2*i**3 + 10*i**2 + 6*i. Let m be f(-4). What is the tens digit of a(m)?
1
Let q = 15 + -13. Suppose -32 = -q*w + 2*y, y = 4*w - 5 - 53. What is the units digit of w?
4
Let g(y) = -y**3 + 12*y**2 - 2*y - 15. What is the tens digit of g(11)?
8
Suppose -5*j = -2*p + 35, -2*j - 4*p = 3*j + 5. Let u(w) be the second derivative of -w**5/20 - w**4/2 - 7*w**3/6 - w**2/2 - w. What is the units digit of u(j)?
9
Suppose r = -6 - 2. Let k be 1 - 3 - (-42)/3. Let d = r + k. What is the units digit of d?
4
Suppose 0 = -l + 5*b + 14, -3*l = -l - 3*b. Let m be -10 + l/(-2) - -3. Let r = m - -10. What is the units digit of r?
6
Let i(g) = -18*g + 55. What is the hundreds digit of i(-17)?
3
Let j(b) = 7*b**2 + 19*b + 2. Let q(o) = 10*o**2 + 28*o + 3. Let f(k) = 7*j(k) - 5*q(k). What is the units digit of f(-5)?
9
Suppose -4*b = 20, 2*u + 5*b = 7*u - 10. What is the units digit of ((-1)/(-1))/(u/(-57))?
9
Suppose -5*u + 74 - 282 = -4*q, 2*q - 38 = u. Let p = u - -97. What is the units digit of p?
3
Let l be (-8)/6*(3 + -21). Suppose 18 + l = 2*x. What is the units digit of x?
1
Let u(c) = -c**3 + 9*c**2 + 10*c - 22. What is the tens digit of u(9)?
6
Let d(v) = v**3 + 3*v**2 + v - 2. Let y be d(-2). Let u = 11 - y. What is the units digit of u?
1
Let r = 27 - 27. Suppose 3*c - 63 - 39 = r. What is the tens digit of c?
3
What is the units digit of (2/4)/((-9)/(-18))?
1
Let j(n) = 34*n - 20. What is the hundreds digit of j(7)?
2
Let n(g) = g**2 + 11*g. Let a(b) = -b**2 - 10*b + 1. Let i(z) = 5*a(z) + 4*n(z). Let r be i(-7). Let k = r - -4. What is the units digit of k?
2
Let d(u) = -3*u**2 + 4*u - 2. Let l be d(3). Let y = l - -25. What is the units digit of y?
8
Suppose 0 = o + 3*o. Suppose 0 = -w + b + 4, o = -2*w - 4*b - 2 + 4. What is the units digit of w?
3
Let a(g) = -g**3 - g**2 + g + 1. Let t(f) = 6*f**3 + 4*f**2 - 3*f - 3. Let d(b) = -3*a(b) - t(b). Let v be d(-1). What is the tens digit of v - 1 - -16 - 0?
1
Let h(s) = 15*s - 38. What is the units digit of h(11)?
7
Let g = -2 - -5. Suppose g*f - 3 = 3. Suppose -f*d + 30 = d. What is the units digit of d?
0
Let a be 4/(12/69) + 4. Suppose 115 = 4*k - 3*y + a, 2*y = 5*k - 110. What is the tens digit of k?
2
Suppose 0 = -0*m + 2*m - 6. Suppose t - 60 = -m*t. What is the tens digit of t?
1
Let w(c) = -c**3 + 6*c**2 + 7*c + 4. Let a be w(7). Suppose -a*y + y = -3*n - 96, 3*y - 15 = 0. What is the units digit of 9/12 + n/(-12)?
3
Let w = 1 + 2. Suppose -3*i + 3 = -w. What is the units digit of i?
2
Let f(y) = 4*y**2 - 6*y - 14. What is the hundreds digit of f(-9)?
3
Let o be (-1 - -1)*5/(-10). Suppose -a + 8 + 2 = -3*u, -4*a - 3*u + 100 = o. What is the units digit of a?
2
What is the units digit of -3*2/(-10) + (-347)/(-5)?
0
Let s be -2 - (-14)/((-1)/1). Let b = s - -30. What is the units digit of b?
4
Let b(s) = s - 5. Let n(r) = r - 9. Suppose 0 = -5*w + 10, -1 = -a + 2*w - 0. Let l(x) = a*b(x) - 2*n(x). What is the units digit of l(5)?
8
Let j(l) = -l**3 + 12*l**2 + 4*l - 10. What is the hundreds digit of j(10)?
2
Suppose 0 = 5*m + 1 - 286. What is the tens digit of m?
5
Suppose 0*o = o + 23. Let p = -14 - o. Suppose -3*h + 6 = -p. What is the units digit of h?
5
Let l(o) = -2*o**2 - 5*o. Let p(v) = -3*v**2 - 6*v. Let x(u) = 4*l(u) - 3*p(u). What is the units digit of x(-2)?
8
Let h be (6 + 0)*17/1. Suppose 17*k - 14*k = h. What is the units digit of k?
4
Let m(q) = -3*q**3 + 7*q**2 - 5*q + 14*q - 4 - q**3 + 3*q**3. What is the units digit of m(8)?
4
Suppose 6 = g + 4. Suppose -2*z = 4, 3*o + 2*z - 31 = -g*o. What is the units digit of o?
7
Let l(o) = o - 1. Let z(r) = r + 36. Let y be z(0). Suppose 15 = 4*t - 3*d, -2*d = 5*t - 0*d - y. What is the units digit of l(t)?
5
Let x(p) = -2*p**2 - 18*p - 18. Let d(r) = -r**2 - 9*r - 9. Let z(g) = 5*d(g) - 3*x(g). What is the units digit of z(-8)?
1
Let r be 4/(-4) - 5/(-1). Let n(m) = -m + r*m - 6*m - 5 + 2*m. What is the units digit of n(-7)?
2
Let o be 1/(-2) - 18/(-4). Suppose -o*a = a - 5. What is the units digit of a?
1
What is the tens digit of 2/(-4) - (-114)/4?
2
Let j(w) = -2*w**2 + 3*w - 1. Let c be j(2). Let u be c/(-4) - 3/(-12). Suppose 5*q - 32 = -4*o, 2*q - 15 = -2*o - u. What is the units digit of o?
3
Suppose -4*p - 5*d - 5 = 0, -3*p - 4*d + 0 - 5 = 0. Suppose p*l - 253 = -4*f, -206 = -4*l - f - 4*f. What is the units digit of l?
9
Suppose 18*k = 2*k + 2400. What is the units digit of k?
0
Suppose -4*a - 5*q - 2 = 13, -5*a = -2*q + 60. Let t = 0 - a. What is the units digit of t?
0
Let l = 10 + -7. Let a be 1/(l + (0 - 2)). What is the units digit of (2/a)/(-2)*-1?
1
Suppose 15 = -5*k, 5*g + 12 = 2*k + 968. What is the tens digit of g?
9
Let g(w) = -6*w**3 - w**2. Let n(t) = -t**3 - 5*t**2 + 6*t - 1. Let a be n(-6). What is the units digit of g(a)?
5
Suppose -5*n + 15 = -5. Let x be n/(-3)*(-27)/(-6). Let w = 4 - x. What is the units digit of w?
0
Suppose -2*s + 3*s = 45. What is the units digit of s?
5
Let t(y) = 2*y**2 + y**3 - 3*y + y**2 - 2*y**2 + 0*y**3 + 2. What is the units digit of t(2)?
8
Let g be ((-2)/(-1))/(2/6). Suppose 3*s = g*s + 69. Let d = -13 - s. What is the tens digit of d?
1
Suppose -3*q - 132 = -2*n - n, 2*q = 3*n - 131. What is the units digit of n?
3
Let g be 0/(-3 + 1 - -1). Let v(p) = p**2 - 3*p + 1. Let q be v(3). Let c = g + q. What is the units digit of c?
1
Let d be (-3)/6*(-8 + 0). Suppose -d*j = -3*z + 14, -2 = -3*z - j + 2. What is the units digit of z?
2
Suppose -5*p + 7*n - 4*n = -575, 0 = 2*n + 10. What is the units digit of p?
2
Let s(h) = -28*h - 8. What is the hundreds digit of s(-16)?
4
What is the hundreds digit of -4*(-3)/30 + (-14663)/(-55)?
2
Suppose 12 = -5*x - 8. What is the units digit of 15/(-10)*(2 + x)?
3
Let x be 336/(-40) + (-2)/(-5). L